the highest common factor of 4 and 8100.
4
What is the highest common factor of 908 and 60?
4
What is the highest common divisor of 3594 and 6?
6
What is the highest common divisor of 2162 and 282?
94
Calculate the highest common factor of 156 and 2769.
39
Calculate the greatest common factor of 77 and 49.
7
Calculate the highest common divisor of 56 and 21.
7
What is the greatest common divisor of 320 and 10?
10
Calculate the greatest common divisor of 66 and 363.
33
What is the highest common factor of 846 and 470?
94
Calculate the greatest common factor of 45 and 35.
5
Calculate the highest common divisor of 205 and 41.
41
Calculate the greatest common factor of 24 and 348.
12
Calculate the greatest common divisor of 76 and 2356.
76
What is the greatest common factor of 42294 and 21?
21
Calculate the highest common factor of 36 and 738.
18
What is the greatest common factor of 2007 and 9?
9
What is the greatest common factor of 32 and 28?
4
Calculate the greatest common factor of 7 and 6797.
7
Calculate the highest common factor of 106 and 318.
106
What is the greatest common divisor of 621 and 92?
23
Calculate the greatest common divisor of 644 and 196.
28
Calculate the highest common divisor of 40 and 104.
8
What is the greatest common divisor of 1408 and 66?
22
Calculate the highest common factor of 16 and 340.
4
Calculate the highest common divisor of 125 and 25.
25
What is the highest common factor of 1414 and 202?
202
What is the greatest common factor of 35 and 995?
5
What is the greatest common factor of 147 and 189?
21
Calculate the highest common divisor of 75 and 1475.
25
Calculate the greatest common factor of 456 and 8360.
152
Calculate the highest common divisor of 2346 and 5934.
138
What is the highest common divisor of 1232 and 242?
22
Calculate the highest common factor of 352 and 32.
32
Calculate the greatest common divisor of 36 and 228.
12
Calculate the highest common divisor of 112 and 40.
8
What is the greatest common divisor of 15250 and 122?
122
What is the greatest common factor of 407 and 627?
11
What is the greatest common factor of 945 and 35?
35
What is the greatest common divisor of 18 and 54?
18
Calculate the highest common factor of 27 and 81.
27
What is the greatest common factor of 107 and 26001?
107
Calculate the highest common divisor of 117 and 156.
39
Calculate the greatest common factor of 97 and 3104.
97
What is the highest common factor of 4438 and 14?
14
Calculate the highest common factor of 23 and 1081.
23
Calculate the greatest common factor of 935 and 40.
5
Calculate the greatest common factor of 55 and 3355.
55
What is the greatest common factor of 38 and 228?
38
Calculate the greatest common factor of 310 and 70.
10
Calculate the greatest common factor of 345 and 23.
23
What is the greatest common factor of 104 and 1352?
104
Calculate the greatest common divisor of 22 and 66.
22
Calculate the highest common factor of 308 and 110.
22
What is the greatest common divisor of 1036 and 196?
28
Calculate the highest common factor of 117 and 793.
13
What is the highest common factor of 2790 and 1440?
90
Calculate the greatest common factor of 495 and 198.
99
Calculate the greatest common divisor of 100 and 4.
4
Calculate the greatest common divisor of 854 and 488.
122
Calculate the greatest common divisor of 6 and 7440.
6
Calculate the highest common divisor of 10230 and 44.
22
Calculate the highest common divisor of 180 and 1476.
36
What is the highest common factor of 21 and 560?
7
Calculate the highest common factor of 452 and 33674.
226
What is the greatest common factor of 8655 and 15?
15
Calculate the highest common factor of 126 and 266.
14
What is the highest common divisor of 295 and 10?
5
Calculate the highest common factor of 81 and 1296.
81
What is the greatest common divisor of 128 and 80?
16
What is the greatest common factor of 8758 and 1510?
302
What is the greatest common factor of 3608 and 77?
11
What is the highest common factor of 920 and 185?
5
Calculate the highest common divisor of 72 and 93.
3
What is the highest common factor of 1236 and 12?
12
Calculate the greatest common divisor of 418 and 176.
22
What is the highest common factor of 160 and 6560?
160
What is the greatest common factor of 399 and 21?
21
What is the highest common factor of 1 and 5115?
1
What is the highest common divisor of 2 and 34?
2
What is the greatest common divisor of 62 and 558?
62
Calculate the highest common factor of 10 and 1790.
10
What is the highest common factor of 12 and 18360?
12
What is the highest common divisor of 54 and 7?
1
Calculate the greatest common divisor of 23 and 2.
1
Calculate the greatest common factor of 1441 and 11.
11
Calculate the greatest common divisor of 279 and 9.
9
What is the greatest common divisor of 183 and 122?
61
What is the highest common divisor of 198 and 4?
2
Calculate the highest common divisor of 774 and 344.
86
Calculate the greatest common divisor of 16 and 15152.
16
Calculate the highest common divisor of 56 and 40.
8
Calculate the greatest common divisor of 187 and 1037.
17
What is the greatest common factor of 72 and 936?
72
Calculate the highest common divisor of 22 and 2981.
11
What is the greatest common factor of 30 and 20?
10
Calculate the greatest common factor of 7 and 427.
7
What is the greatest common factor of 7624 and 16?
8
Calculate the greatest common divisor of 3 and 93.
3
Calculate the greatest common divisor of 9 and 6732.
9
What is the greatest common divisor of 2 and 671?
1
What is the greatest common factor of 95 and 380?
95
What is the greatest common factor of 136 and 64?
8
Calculate the highest common factor of 11502 and 486.
162
Calculate the highest common factor of 11 and 22.
11
Calculate the greatest common divisor of 244 and 4026.
122
What is the greatest common factor of 5 and 7445?
5
Calculate the highest common divisor of 1 and 59.
1
Calculate the highest common factor of 65 and 104.
13
Calculate the highest common divisor of 21 and 77.
7
Calculate the highest common divisor of 23 and 11293.
23
Calculate the highest common divisor of 215 and 65.
5
What is the greatest common divisor of 23 and 9?
1
Calculate the highest common divisor of 6 and 58.
2
What is the highest common divisor of 34 and 1411?
17
What is the highest common divisor of 189 and 27?
27
Calculate the greatest common factor of 3 and 543.
3
Calculate the greatest common divisor of 2158 and 182.
26
What is the highest common factor of 12835 and 170?
85
Calculate the highest common divisor of 88 and 220.
44
What is the greatest common divisor of 14 and 329?
7
What is the highest common factor of 390 and 650?
130
Calculate the greatest common divisor of 24 and 15.
3
Calculate the greatest common factor of 165 and 60.
15
Calculate the greatest common factor of 160 and 192.
32
Calculate the highest common divisor of 10 and 770.
10
What is the greatest common factor of 40 and 25?
5
What is the greatest common factor of 24166 and 86?
86
What is the highest common factor of 8 and 108?
4
Calculate the greatest common divisor of 26 and 182.
26
What is the greatest common divisor of 145 and 1624?
29
What is the greatest common factor of 5249 and 724?
181
What is the greatest common divisor of 20745 and 60?
15
Calculate the highest common factor of 2 and 348.
2
What is the highest common divisor of 2414 and 391?
17
Calculate the highest common factor of 64 and 4896.
32
What is the highest common divisor of 165 and 363?
33
Calculate the greatest common divisor of 310 and 7502.
62
Calculate the highest common divisor of 368 and 23.
23
Calculate the greatest common divisor of 3845 and 5.
5
What is the greatest common factor of 20 and 3260?
20
Calculate the greatest common factor of 4 and 150.
2
Calculate the highest common factor of 625 and 550.
25
What is the greatest common factor of 75704 and 8?
8
What is the greatest common divisor of 161 and 2240?
7
Calculate the greatest common divisor of 51 and 10251.
51
Calculate the highest common divisor of 48 and 12.
12
Calculate the greatest common divisor of 150 and 21950.
50
What is the highest common factor of 3081 and 158?
79
Calculate the highest common divisor of 32 and 136.
8
What is the highest common factor of 27